hat is the tens digit of u?
7
Suppose -540*z + 545*z = 2780. What is the tens digit of z?
5
Let h be 1*8 - ((10 - 4) + -2). Suppose 4 = 2*q - h. Suppose 0 = -4*o - 20, 2*f = -3*f + q*o + 60. What is the units digit of f?
8
Let j(v) = v**3 - 14*v**2 + 3*v - 18. Let o(m) = m + 24. Let y be o(-10). Let u be j(y). Suppose 5*n + 0 = -10, i = n + u. What is the tens digit of i?
2
Suppose -501*x + 4368 = -445*x. Let k = 521 - 370. Let o = k - x. What is the tens digit of o?
7
What is the tens digit of (17196/(-30))/(1/(-35))?
6
Let u = -372 + 1960. Suppose 0 = -2*m + u - 164. What is the units digit of m?
2
Let n(y) = 3*y**2 - 2*y - 2. Let i be n(-1). Suppose -a - 4*a - 602 = 4*m, -2*a + 588 = -4*m. What is the tens digit of 9*i/18*m/(-6)?
3
Suppose -30*s - 198 = -52*s. What is the tens digit of -3*s/27 + -1 + 91?
8
Suppose 4*h = -4*h - 48. Let s be h - (-1330)/15 - (-1)/3. Suppose s = 3*z - 46. What is the units digit of z?
3
Suppose 5*s - 20262 = 3*b + 45196, b + 1 = 0. What is the ten thousands digit of s?
1
Let l = -9380 - -18585. What is the units digit of l?
5
Let m(f) = f**2 + 23*f + 20. Let q be m(-23). Let y be 36/q + 2 + 36/(-20). Suppose -2*a = y*b - 100, 0 = -0*b + 3*b + 12. What is the tens digit of a?
5
Let t(l) = -l**3 - 64*l**2 + 17*l + 722. What is the thousands digit of t(-65)?
3
Let b be ((-2471)/(-21) - -4)*18. Suppose -68*g = -78*g + b. What is the hundreds digit of g?
2
Let g be 1/(3 - (-21)/(-6)). What is the units digit of (-92)/3*3/g?
6
Let g be (-4 + 2)*-2 - (-3 - 626). Suppose -4*u = -g + 129. Let k = 272 - u. What is the units digit of k?
6
Suppose 3*p - 87414 = 3*u, -p = 371*u - 375*u - 29132. What is the tens digit of p?
4
Suppose 0 = 4*w + 2*p - 8802, -5*w = 4*p - 9*p - 11010. Let d = w + -1198. What is the tens digit of d?
0
Suppose 8*d - 13*d - 3*a + 406 = 0, -326 = -4*d - 3*a. Let f = 36 + d. What is the tens digit of f?
1
Let l be 74*(4 - (-4 - -7)). Let o = l - 30. Let t = o + -32. What is the tens digit of t?
1
Let o(a) be the first derivative of -a**4/24 - a**3/3 - 3*a**2/2 - 6. Let q(x) be the second derivative of o(x). What is the units digit of q(-4)?
2
Let g(o) be the third derivative of -o**4/24 + 5*o**3/3 - 7*o**2. Let x be g(5). Suppose -5*n = -x*l + 260, -3*n - n = -20. What is the units digit of l?
7
What is the hundreds digit of (32/5)/((234/351)/(9770/6))?
6
Suppose 5*n = -5, -2*c + 18*n - 387 = 21*n. Let y = 492 + c. What is the hundreds digit of y?
3
Let k = 7070 + -3885. Suppose -k = -5*u + n, 3*u - 4*n - 625 = 1303. What is the units digit of u?
6
What is the units digit of (32/48)/(14/21 + (-19515)/29273)?
6
Suppose 4*b = 3*b - x + 164, b + 2*x = 168. What is the tens digit of 4673/10 + (-48)/b?
6
Let j = 20413 - 14032. What is the thousands digit of j?
6
Suppose -v - 2*v + 960966 = -2*p, 0 = -4*v - p + 1281277. What is the hundreds digit of (-2)/19 + v/532?
6
Let h(j) = -j**3 + 2*j - 35. Let y be h(0). Let q(r) = -r**2 - 45*r - 100. What is the tens digit of q(y)?
5
Let b be -1*(-2 - -3) + (-30 - -67). Suppose -b*m + 30*m = -7332. What is the thousands digit of m?
1
Suppose 31754 = c + 18*i, 40*i - 44*i - 126940 = -4*c. What is the tens digit of c?
3
What is the tens digit of (-16)/(-232) + (-10135120)/(-464)?
4
Let d(n) = 404*n**2 - 72*n + 2. What is the tens digit of d(4)?
7
Suppose 3*q = -4*i - 918 - 5264, 0 = -i + 4*q - 1555. Let p = 2726 + i. What is the thousands digit of p?
1
Let h(a) = -a**2 + 16*a - 5. Let u be h(18). What is the units digit of (u + -3)/((-70)/17 + 4)?
4
Suppose 6*j - 14 + 2 = 0. Suppose 4*i + 2*p - 324 = 0, -2*p + 103 = j*i - 63. What is the units digit of i?
9
Let a = -183 + 187. Suppose 257 + 667 = a*i. What is the tens digit of i?
3
Let l(a) = a**3 + 4*a**2 - 7*a + 32. Let j be l(-6). What is the units digit of ((-59)/j)/((-24)/48)?
9
Let b be (-159)/(-15) - (4 + (-88)/20). Let s(y) = -y + 19. Let p be s(b). What is the tens digit of ((-620)/p*-2)/((-3)/(-3))?
5
Let m(f) = 30*f**2 + 15*f + 465. What is the thousands digit of m(-15)?
6
Suppose -5*w - 21 = -2*o, 30*o = 26*o - w + 9. Suppose 3270 = 4*d - 3*f, -2*f + 100 = o*d - 2361. What is the units digit of d?
9
Let p = 664 - 1638. Let u = -448 - p. What is the hundreds digit of u?
5
What is the hundreds digit of (12 - 51675/10)*(-40)/14?
7
Let l(i) = 10*i + 31. Suppose -8*d = -4*d + 36. Let w = d - -17. What is the tens digit of l(w)?
1
Suppose 183 + 18 = l. Let g = l - 19. Suppose 3*t - g - 415 = 0. What is the hundreds digit of t?
1
Let c(b) = -61*b**2 - 2*b - 3. Let a be c(2). Let d = a + 160. What is the hundreds digit of (-16 - 0)*d/14?
1
Suppose 232799 - 169559 = 129*x - 458178. What is the units digit of x?
2
Suppose 3*x = -u + 6*u - 14216, 5*u = 5*x + 14220. Let i = 4840 - u. What is the thousands digit of i?
1
Let f = 72 + -69. Suppose -f*a = -28 - 107. Suppose -4*o - m + 325 = 0, -3*o = 3*m - a - 192. What is the tens digit of o?
8
Let p = 3231 + 1512. What is the units digit of p?
3
Let t(o) be the first derivative of -o**2/2 + 11*o + 19. Let l be t(7). Suppose -2*n + 296 = -3*r, 3*r = -0*n - l*n + 610. What is the tens digit of n?
5
Let h be (-1)/2*8/2 + 0. Let i be 4/(-10) - (h + 44/(-10)). Suppose -3*d + 54 = i*d. What is the units digit of d?
6
Suppose 5*h = 2*t - 3371, 2707 = -4*h + 4*t + t. Let z = 1652 + h. What is the tens digit of z?
7
Suppose -29*m + 23867 = -74559. What is the units digit of m?
4
Suppose 0 = -4*l + 46*l - 24971 - 216697. What is the units digit of l?
4
Let d(h) = 15*h + 218. Let f be d(-15). What is the tens digit of -3*(1099/f - 2)?
7
Let y = -23 + 25. Suppose -3*m + 2*m - 4*x + 28 = 0, 2 = -m + y*x. Suppose 5*q - m*q + 306 = 0. What is the units digit of q?
2
Let l be (10 - -1) + -4 + (4 - 5). What is the hundreds digit of 621 + (-1 - (-13 + l))?
6
What is the hundreds digit of (-3 - 111)*60030/(-108)?
3
Let f = 39 - 26. Suppose -f*w + 7*w = -60. What is the units digit of (36/20)/3 + 194/w?
0
Let t = 179 - 177. Suppose -t*b = 13*b - 5700. What is the tens digit of b?
8
What is the thousands digit of 10/(-2)*(-20)/((-1800)/(-59382))?
3
Suppose 4*j - 3*j - 830 = -4*b, b - 210 = j. Let o = 442 - b. Suppose -o = 5*x - 7*x. What is the tens digit of x?
1
Suppose y - 986 = 7526. What is the units digit of y?
2
Suppose 2*m + 2*m - 2267 = 3*m. What is the tens digit of m?
6
Let v(d) = 5*d**2 + 20*d + 3. Suppose -w + g - 6 = 0, 2*w + 7 = -3*g + 5. Let h be v(w). Suppose -h*c = -141 - 228. What is the hundreds digit of c?
1
Let n(i) be the second derivative of -152*i**3/3 - 3*i**2/2 + 4*i - 8. What is the tens digit of n(-1)?
0
Let q = -48 - -50. Suppose 0*i + i - 3 = o, -4*o - 10 = -q*i. What is the hundreds digit of o/(2/(-105)) - 1?
1
Let i = 47036 - 17185. What is the ten thousands digit of i?
2
Let c(m) be the third derivative of m**6/120 - 19*m**5/60 - 13*m**4/12 - 25*m**3/6 - 30*m**2. Let l be c(21). Let u = 550 - l. What is the hundreds digit of u?
2
Suppose 9*g = 6*g + 453. Suppose -t = 3*t - 2*l + 514, t - 5*l + g = 0. What is the tens digit of t/(-2) + (-2)/(-6)*-3?
6
Suppose 4*b + 51 = -5*w, 0 = -0*w - 3*w + 2*b - 13. Let x = 8 - w. Let q = x - -24. What is the tens digit of q?
3
Let x = -922 - -573. Let q = x + 825. What is the units digit of q?
6
Let f = -4120 + 5801. What is the thousands digit of f?
1
Let q be (-16)/(256/168) + 6/4. What is the units digit of (-1 + 0)*5 + q + 477?
3
Let w be ((-148)/12)/(-1 + (-12)/(-9)). Let y = w + 17. What is the units digit of 16/y + 268/10?
6
Suppose 4*v = 29*v - 7900. Suppose 6*t - 650 = v. What is the hundreds digit of t?
1
Let u = 672 + 1033. Suppose 29*i + u = 10202. What is the hundreds digit of i?
2
Suppose -3*t = -9*v + 4*v - 4, -t + 3*v = 0. Suppose 3*f + 15 = t*h, 5*f - 4*h + 23 + 4 = 0. Let a = f + 25. What is the tens digit of a?
1
Let a(n) = -n**3 - 3*n**2 + 10*n - 3. Let q be a(-5). Let m be (2 + -1)/1 + -1 + q. What is the units digit of (m - 10)*-2 - -2?
8
Suppose -z + 10 = 4*x, -4*z + 0*x - 60 = -4*x. What is the units digit of 8/z*(-48320)/128?
2
What is the units digit of ((-8)/(-16))/(27/186084)?
6
Let o = 37226 + -23824. What is the hundreds digit of o?
4
Let n(v) = -v**3 + 6*v**2 + 11*v - 13. Let p be n(6). Let h = p + 80. Let t = h + -78. What is the units digit of t?
5
Let z(g) = 2*g**3 + 6*g**2 + 22*g 